{"id":734,"date":"2021-10-14T13:05:26","date_gmt":"2021-10-14T10:05:26","guid":{"rendered":"https:\/\/www.tehtavaniekat.fi\/?page_id=734"},"modified":"2022-12-15T19:24:45","modified_gmt":"2022-12-15T16:24:45","slug":"ratkaisemisen-sm-2020","status":"publish","type":"page","link":"https:\/\/www.tehtavaniekat.fi\/index.php\/ratkaisemisen-sm-2020\/","title":{"rendered":"Ratkaisemisen SM 2020"},"content":{"rendered":"\n<h1 class=\"wp-block-heading\">SHAKKITEHT\u00c4VIEN RATKAISEMISEN 41. SUOMEN MESTARUUSKILPAILU<\/h1>\n\n\n\n<p><\/p>\n\n\n\n<p>Kilpailu k\u00e4ytiin 15.2.20 Shakkiareenalla Helsingiss\u00e4.<br>Teht\u00e4v\u00e4t oli taitavasti valinnut ja tuomarina toimi<strong> Neal Turner<\/strong>.<br>Kilpailussa oli 12 teht\u00e4v\u00e4\u00e4 ja ratkaisuaika kolme tuntia. Ratkaisijoita osallistui 18. Kilpailu oli osa <a href=\"https:\/\/www.wfcc.ch\/competitions\/solving\/wsc-2018-2019\/\">World Solving Cup<\/a> -sarjaa ja mukana oli kolme ulkomaalaista ratkaisijaa.<\/p>\n\n\n\n<p><strong>Aleksei Popov<\/strong> korjasi viime vuoden liev\u00e4n ep\u00e4onnistumisen ja sai kolmannen voittonsa Toiseksi tuli toinen ven\u00e4l\u00e4inen juniori <strong>Maksim Romanov<\/strong>. Viime vuoden voittaja<strong> Dolf Wissmann<\/strong> j\u00e4tettiin nelj\u00e4nneksi.<\/p>\n\n\n\n<p>Suomen mestaruuden voitti vuoden tauon j\u00e4lkeen taas <strong>Kari Karhunen<\/strong>, toinen oli <strong>Terho Marlo<\/strong> ja kolmas <strong>Janne Syv\u00e4niemi<\/strong>, joka sai n\u00e4in ensimm\u00e4isen SM-mitalin. <strong>Jorma Paavilainen<\/strong> ei p\u00e4\u00e4ssyt puolustamaan mestaruutta. (<a rel=\"noreferrer noopener\" href=\"https:\/\/www.tehtavaniekat.fi\/index.php\/pikaratkaisemisen-sm-mitalistit\/\" target=\"_blank\">Kaikki mitalistit<\/a>)<\/p>\n\n\n\n<div class=\"wp-block-image\"><figure class=\"aligncenter size-full\"><img fetchpriority=\"high\" decoding=\"async\" width=\"598\" height=\"345\" src=\"https:\/\/www.tehtavaniekat.fi\/wp-content\/uploads\/sm20_11.jpg\" alt=\"\" class=\"wp-image-2076\" srcset=\"https:\/\/www.tehtavaniekat.fi\/wp-content\/uploads\/sm20_11.jpg 598w, https:\/\/www.tehtavaniekat.fi\/wp-content\/uploads\/sm20_11-300x173.jpg 300w, https:\/\/www.tehtavaniekat.fi\/wp-content\/uploads\/sm20_11-150x87.jpg 150w\" sizes=\"(max-width: 598px) 100vw, 598px\" \/><figcaption>Mitalistit Kari Karhunen, Aleksei Popov ja Maksim Romanov<\/figcaption><\/figure><\/div>\n\n\n\n<p><strong>Lopputulokset:<\/strong><\/p>\n\n\n\n<p><style>\ntable {border-collapse: collapse;}\ntd  {padding: 2px ! important;  font-size: small ! important;}\nth {font-color: white! important;  background-color: blue ! important;}\n<\/style><\/p>\n\n<figure class=\"wp-block-table is-style-regular\"><table><tbody><tr><td><strong>sija<\/strong><\/td><td><strong>nimi<\/strong><\/td><td><strong>rating<\/strong><\/td><td><strong>1<br>2#<\/strong><\/td><td><strong>2<br>2#<\/strong><\/td><td><strong>3<br>3#<\/strong><\/td><td><strong>4<br>3#<\/strong><\/td><td><strong>5<br>4#<\/strong><\/td><td><strong>6<br>6#<\/strong><\/td><td><strong>7<br>+<\/strong><\/td><td><strong>8<br>+<\/strong><\/td><td><strong>9<br>a#3<\/strong><\/td><td><strong>10<br>a#3,5<\/strong><\/td><td><strong>11<br>i#3<\/strong><\/td><td><strong>12<br>i#5<\/strong><\/td><td><strong>yht.<\/strong><\/td><td><strong>aika<\/strong><\/td><td><strong>WSC pisteet<\/strong><\/td><\/tr><tr><td>1<\/td><td><strong>Aleksei Popov (RUS)<\/strong><\/td><td>2531<\/td><td>5<\/td><td>5<\/td><td>5<\/td><td>5<\/td><td>4<\/td><td>5<\/td><td>5<\/td><td>5<\/td><td>5<\/td><td>5<\/td><td>5<\/td><td>5<\/td><td>59<\/td><td>176<\/td><td>13<\/td><\/tr><tr><td>2<\/td><td><strong>Maksim Romanov (RUS)<\/strong><\/td><td>2367<\/td><td>5<\/td><td>5<\/td><td>5<\/td><td>5<\/td><td>5<\/td><td>5<\/td><td>5<\/td><td>2<\/td><td>5<\/td><td>5<\/td><td>5<\/td><td>5<\/td><td>57<\/td><td>180<\/td><td>10<\/td><\/tr><tr><td>3<\/td><td><strong>Kari Karhunen<\/strong><\/td><td>2341<\/td><td>0<\/td><td>5<\/td><td>5<\/td><td>5<\/td><td>5<\/td><td>5<\/td><td>1<\/td><td>5<\/td><td>5<\/td><td>5<\/td><td>5<\/td><td><\/td><td>46<\/td><td>180<\/td><td>8<\/td><\/tr><tr><td>4<\/td><td><strong>Dolf Wissmann (NED)<\/strong><\/td><td>2269<\/td><td>5<\/td><td>5<\/td><td>5<\/td><td><\/td><td>3,5<\/td><td>5<\/td><td>3<\/td><td>1<\/td><td>3,5<\/td><td>5<\/td><td>4<\/td><td>2,5<\/td><td>42,5<\/td><td>180<\/td><td>6<\/td><\/tr><tr><td>5<\/td><td><strong>Terho Marlo<\/strong><\/td><td>2180<\/td><td>5<\/td><td>5<\/td><td>5<\/td><td><\/td><td>2,5<\/td><td>5<\/td><td>3<\/td><td>2<\/td><td>5<\/td><td>5<\/td><td>4<\/td><td><\/td><td>41,5<\/td><td>180<\/td><td>4<\/td><\/tr><tr><td>6<\/td><td><strong>Janne Syv\u00e4niemi<\/strong><\/td><td>1944<\/td><td>5<\/td><td>5<\/td><td>5<\/td><td>0<\/td><td>2,5<\/td><td>0<\/td><td><\/td><td><\/td><td>5<\/td><td>5<\/td><td>4<\/td><td><\/td><td>31,5<\/td><td>180<\/td><td>2<\/td><\/tr><tr><td>7<\/td><td><strong>Kari Valtonen<\/strong><\/td><td>2269<\/td><td>5<\/td><td>5<\/td><td>5<\/td><td><\/td><td><\/td><td>5<\/td><td>1<\/td><td>2<\/td><td>3,5<\/td><td>0<\/td><td>2<\/td><td><\/td><td>28,5<\/td><td>177<\/td><td>1<\/td><\/tr><tr><td>8<\/td><td><strong>Henry Tanner<\/strong><\/td><td>2233<\/td><td>5<\/td><td>5<\/td><td>5<\/td><td>0<\/td><td><\/td><td><\/td><td>1<\/td><td>1<\/td><td>5<\/td><td>5<\/td><td>0<\/td><td><\/td><td>27<\/td><td>180<\/td><td><\/td><\/tr><tr><td>9<\/td><td><strong>Joose Norri<\/strong><\/td><td>2312<\/td><td>5<\/td><td>5<\/td><td>5<\/td><td>1<\/td><td><\/td><td>5<\/td><td>1<\/td><td>2<\/td><td><\/td><td>2,5<\/td><td><\/td><td>0<\/td><td>26,5<\/td><td>178<\/td><td><\/td><\/tr><tr><td>10<\/td><td><strong>Petteri Paronen<\/strong><\/td><td>1897<\/td><td>5<\/td><td>0<\/td><td>5<\/td><td>1<\/td><td><\/td><td>5<\/td><td>3<\/td><td>1<\/td><td>3,5<\/td><td><\/td><td><\/td><td><\/td><td>23,5<\/td><td>176<\/td><td><\/td><\/tr><tr><td>11<\/td><td><strong>Sami H\u00e4m\u00e4l\u00e4inen<\/strong><\/td><td>&#8211;<\/td><td>5<\/td><td>5<\/td><td>5<\/td><td><\/td><td><\/td><td>5<\/td><td>1<\/td><td>2<\/td><td><\/td><td><\/td><td><\/td><td><\/td><td>23<\/td><td>180<\/td><td><\/td><\/tr><tr><td>12<\/td><td><strong>Mikael Gr\u00f6nroos<\/strong><\/td><td>1915<\/td><td>5<\/td><td>5<\/td><td><\/td><td><\/td><td><\/td><td><\/td><td><\/td><td>1<\/td><td>5<\/td><td>5<\/td><td><\/td><td><\/td><td>21<\/td><td>179<\/td><td><\/td><\/tr><tr><td>13<\/td><td><strong>Juha Saukkola<\/strong><\/td><td>1904<\/td><td>5<\/td><td>5<\/td><td><\/td><td><\/td><td><\/td><td><\/td><td><\/td><td>2<\/td><td>3,5<\/td><td>5<\/td><td>0<\/td><td><\/td><td>20,5<\/td><td>177<\/td><td><\/td><\/tr><tr><td>14<\/td><td><strong>Hannu Harkola<\/strong><\/td><td>1914<\/td><td>0<\/td><td>5<\/td><td><\/td><td><\/td><td><\/td><td><\/td><td>1<\/td><td>1<\/td><td>3,5<\/td><td>5<\/td><td>3<\/td><td>0<\/td><td>18,5<\/td><td>180<\/td><td><\/td><\/tr><tr><td>15<\/td><td><strong>Ari M\u00f6tt\u00f6nen<\/strong><\/td><td>1786<\/td><td>5<\/td><td>5<\/td><td>0<\/td><td><\/td><td><\/td><td><\/td><td>2<\/td><td>1<\/td><td><\/td><td>2,5<\/td><td><\/td><td><\/td><td>15,5<\/td><td>178<\/td><td><\/td><\/tr><tr><td>16<\/td><td><strong>Ismo Vihtola<\/strong><\/td><td>&#8211;<\/td><td>5<\/td><td>5<\/td><td><\/td><td><\/td><td><\/td><td><\/td><td>1<\/td><td>1<\/td><td>1,5<\/td><td><\/td><td><\/td><td><\/td><td>13,5<\/td><td>180<\/td><td><\/td><\/tr><tr><td>17<\/td><td><strong>Matti Rasilainen<\/strong><\/td><td>1713<\/td><td>5<\/td><td>0<\/td><td>5<\/td><td><\/td><td><\/td><td>0<\/td><td>1<\/td><td>0<\/td><td>1,5<\/td><td><\/td><td>0<\/td><td>0<\/td><td>12,5<\/td><td>180<\/td><td><\/td><\/tr><tr><td>18<\/td><td><strong>Arto Heimonen<\/strong><\/td><td>1677<\/td><td>5<\/td><td>5<\/td><td><\/td><td><\/td><td><\/td><td><\/td><td>1<\/td><td>0<\/td><td><\/td><td><\/td><td><\/td><td><\/td><td>11<\/td><td>169<\/td><td><\/td><\/tr><tr><td>&nbsp;<\/td><td><strong>keskiarvo<\/strong><\/td><td><\/td><td>4,4<\/td><td>4,4<\/td><td>3,3<\/td><td>0,9<\/td><td>1,3<\/td><td>2,5<\/td><td>1,7<\/td><td>1,6<\/td><td>3,1<\/td><td>3,1<\/td><td>1,8<\/td><td>0,7<\/td><td><\/td><td><\/td><td><\/td><\/tr><\/tbody><\/table><\/figure>\n\n\n\n<p>Osallistuneiden ratkaisijoiden kymmenen parhaan ratingin keskiarvo on vain 2236,23, joten kilpailu oli vahvuudeltaan WSC:n tasoa 9.<\/p>\n\n\n\n<p>Kilpailussa oli my\u00f6s<strong> B-ryhm\u00e4<\/strong>, johon osallistui kaksi nuorta: <strong>Vihan Velagapudi<\/strong> (30\/45 pistett\u00e4) ja <strong>Kaarle K\u00e4\u00e4ri\u00e4inen<\/strong> 11.<\/p>\n\n\n\n<p><a href=\"\/vanhat\/pika20t.htm\" target=\"_blank\" rel=\"noreferrer noopener\">Teht\u00e4v\u00e4t<\/a> | <a href=\"\/vanhat\/pika20r.htm\" target=\"_blank\" rel=\"noreferrer noopener\">ratkaisut<\/a><\/p>\n\n\n\n<p>Teht\u00e4v\u00e4t, niiden ratkaisut ja tulokset ovat my\u00f6s WFCC:n <a href=\"https:\/\/www.wfcc.ch\/wsc-helsinki-15022020\/\" target=\"_blank\" rel=\"noreferrer noopener\">sivuilla<\/a>.<\/p>\n","protected":false},"excerpt":{"rendered":"<p>SHAKKITEHT\u00c4VIEN RATKAISEMISEN 41. SUOMEN MESTARUUSKILPAILU Kilpailu k\u00e4ytiin 15.2.20 Shakkiareenalla Helsingiss\u00e4.Teht\u00e4v\u00e4t oli taitavasti valinnut ja tuomarina toimi Neal Turner.Kilpailussa oli 12 teht\u00e4v\u00e4\u00e4 ja ratkaisuaika kolme tuntia. Ratkaisijoita osallistui 18. Kilpailu oli osa World Solving Cup -sarjaa ja mukana oli kolme ulkomaalaista ratkaisijaa. Aleksei Popov korjasi viime vuoden liev\u00e4n ep\u00e4onnistumisen ja sai&#8230; <a class=\"continue-reading-link\" href=\"https:\/\/www.tehtavaniekat.fi\/index.php\/ratkaisemisen-sm-2020\/\">Jatka lukemista<\/a><\/p>\n","protected":false},"author":1,"featured_media":0,"parent":0,"menu_order":0,"comment_status":"closed","ping_status":"closed","template":"","meta":{"footnotes":""},"class_list":["post-734","page","type-page","status-publish","hentry"],"_links":{"self":[{"href":"https:\/\/www.tehtavaniekat.fi\/index.php\/wp-json\/wp\/v2\/pages\/734","targetHints":{"allow":["GET"]}}],"collection":[{"href":"https:\/\/www.tehtavaniekat.fi\/index.php\/wp-json\/wp\/v2\/pages"}],"about":[{"href":"https:\/\/www.tehtavaniekat.fi\/index.php\/wp-json\/wp\/v2\/types\/page"}],"author":[{"embeddable":true,"href":"https:\/\/www.tehtavaniekat.fi\/index.php\/wp-json\/wp\/v2\/users\/1"}],"replies":[{"embeddable":true,"href":"https:\/\/www.tehtavaniekat.fi\/index.php\/wp-json\/wp\/v2\/comments?post=734"}],"version-history":[{"count":4,"href":"https:\/\/www.tehtavaniekat.fi\/index.php\/wp-json\/wp\/v2\/pages\/734\/revisions"}],"predecessor-version":[{"id":2077,"href":"https:\/\/www.tehtavaniekat.fi\/index.php\/wp-json\/wp\/v2\/pages\/734\/revisions\/2077"}],"wp:attachment":[{"href":"https:\/\/www.tehtavaniekat.fi\/index.php\/wp-json\/wp\/v2\/media?parent=734"}],"curies":[{"name":"wp","href":"https:\/\/api.w.org\/{rel}","templated":true}]}}