{"id":4178,"date":"2026-04-30T11:34:19","date_gmt":"2026-04-30T09:34:19","guid":{"rendered":"https:\/\/www.tehtavaniekat.fi\/?page_id=4178"},"modified":"2026-05-01T21:31:37","modified_gmt":"2026-05-01T19:31:37","slug":"ratk70","status":"publish","type":"page","link":"https:\/\/www.tehtavaniekat.fi\/index.php\/ratk70\/","title":{"rendered":"ratk70"},"content":{"rendered":"\n<h1 class=\"wp-block-heading\">Teht\u00e4v\u00e4mestareita: Antti G. Ojanen<\/h1>\n\n\n\n<p><img decoding=\"async\" class=\"\" style=\"float: left; margin: 20px;\" src=\"https:\/\/www.tehtavaniekat.fi\/wp-content\/uploads\/Ojanen_A.jpg\" alt=\"\" width=\"166\" height=\"250\" \/><\/p>\n\n\n\n<p>Nelj\u00e4stoista kansallisen teht\u00e4v\u00e4mestarin arvon saanut suomalaislaatija oli Haminassa 1.9.1916 syntynyt Antti Gottfrid Ojanen.<\/p>\n\n\n\n<p>Ojanen sai kansallisen teht\u00e4v\u00e4mestarin arvon vuonna 1965 ja seuraavana vuonna kansainv\u00e4lisen teht\u00e4v\u00e4tuomarin arvon, p\u00e4tevyysalueena itsematit. Juuri itsemateistaan Ojanen tuli tunnetuksi, vaikka h\u00e4nen mukaansa nimetty Ojanen-teema onkin kaksisiirtoisteema: kahden siirron matissa valkea uhkaa v\u00e4hint\u00e4\u00e4n kolmea mattia. Mustan jokainen siirto torjuu ne kaikki ja sallii uuden, aina erilaisen matin. Uusia matteja tulee olla v\u00e4hint\u00e4\u00e4n yht\u00e4 monta kuin uhkauksia.<\/p>\n\n\n\n<p>Ojanen saavutti kansallisen mestarin arvon my\u00f6s peli- ja kirjeshakissa. Pelishakissa arvo tuli vuonna 1948 ja kirjeshakissa vuosien 1950\u20131951 ensimm\u00e4isen Suomen mestaruusturnauksen voiton my\u00f6t\u00e4. Kansallisen mestarin arvo shakin kolmella alueella on harvinaista, vain yksi toinen suomalainen on pystynyt samaan.<\/p>\n\n\n\n<p>Tuorein saavutus ennen teht\u00e4v\u00e4mestarin arvon my\u00f6nt\u00e4mist\u00e4 oli Tel Avivin shakkiolympialaisten yhteydess\u00e4 j\u00e4rjestetyn laadintakilpailun pronssitila. <em>FIDE-albumeissa<\/em> h\u00e4nelt\u00e4 on 15 teht\u00e4v\u00e4\u00e4. Laadinnan ohella Ojanen oli my\u00f6s taitava ratkaisija, sill\u00e4 vuonna 1967 h\u00e4n jakoi voittoa ns. pitk\u00e4ss\u00e4 ratkaisemisen SM-kilpailussa ja sijoittui viel\u00e4 vuonna 1984 hopealle h\u00e4viten vain yhdell\u00e4 pisteell\u00e4 Pauli Perkonojalle. <\/p>\n\n\n\n<p>N\u00e4yteteht\u00e4v\u00e4 on laadittu vuosien 1962\u20131964 kansainv\u00e4liseen joukkuelaadintakilpailuun, jonka toisessa itsemattiryhm\u00e4ss\u00e4 vaadittiin valkean kuningattaren uhrauksia 3\u20136 siirron itsematissa. Ojasen teht\u00e4v\u00e4\u00e4 ei valittu edustamaan Suomea, mik\u00e4 saattoi olla virhe, koska kilpailun voittoteht\u00e4v\u00e4 oli samantyyppinen, mutta Ojasen teht\u00e4v\u00e4\u00e4 vaatimattomampi. Valinnan syy oli ilmeisesti teht\u00e4v\u00e4n sukulaisuus Ojasen toiseen, vuonna 1940 julkaistuun <a href=\"https:\/\/www.yacpdb.org\/#95764\" target=\"_blank\" rel=\"noreferrer noopener\">teht\u00e4v\u00e4\u00e4n<\/a>.<\/p>\n\n\n\n<p><\/p>\n\n\n\n<br>\n\n\n<script type=\"text\/javascript\" src=\"\/py2web\/jquery-1.11.1.js\"><\/script>\n<script type=\"text\/javascript\" src=\"\/py2web\/py2web.js\"><\/script>\n<link href=\"\/py2web\/py2web.css\" rel=\"stylesheet\" type=\"text\/css\">\n\n<div style=\"overflow-x:auto;\">\n\n    <table cellspacing=\"3\" cellpadding=\"0\" border=\"0\">\n      <tbody><tr>  \n    <td valign=\"top\" align=\"center\"> <b>Antti G. Ojanen<\/b><br>\n<em>Shakkivuosi -63<\/em><br>\n<div class=\"p2w-diagram\" id=\"esim\" glyphs=\"{&quot;d&quot;:&quot;q&quot;,&quot;t&quot;:&quot;r&quot;,&quot;l&quot;:&quot;b&quot;,&quot;r&quot;:&quot;s&quot;}\"> \nWhite   Ka3 Dg3 Tb5 Tc8 Lb8 Lf7 Rc6 Re6 Pa2 Pa4 Pb4 Pb7 Pd5 Pf4 Pg5\nBlack   Kd7 Tb1 La1 Pb2\n<\/div>\n        3 siirron itsematti (i#3)<br>\n<\/td>\n      <td valign=\"top\"> \n        <div class=\"p2w-solution\" style=\"white-space: pre;\" target=\"esim\">\n   1.d5-d6 ! zugzwang.\n      1...Tb1-h1 2.Lf7-e8 + Kd7*e6 3.Dg3-h3 + Th1*h3 #\n      1...Tb1-g1 2.Tc8-c7 + Kd7*d6 3.f4-f5 + Tg1*g3 #\n      1...Tb1-f1 2.Tc8-d8 + Kd7*c6 3.Dg3-f3 + Tf1*f3 #\n      1...Tb1-e1 2.Lf7-e8 + Kd7*e6 3.Dg3-e3 + Te1*e3 #\n      1...Tb1-d1 2.Tc8-c7 + Kd7*d6 3.Dg3-d3 + Td1*d3 #\n      1...Tb1-c1 2.Tc8-d8 + Kd7*c6 3.Dg3-c3 + Tc1*c3 #\n        <\/div>\n     <\/td>\n   <\/tr>\n   <\/tbody><\/table>\n<\/div>\n\n\n\n\n<p>Ojanen opiskeli lakia ja valmistui varatuomariksi. Ammatiltaan h\u00e4n oli pankinjohtaja Haminan S\u00e4\u00e4st\u00f6pankissa vuosina 1945\u20131980. H\u00e4n oli 28 vuotta Haminan kaupunginvaltuuston puheenjohtaja ja osallistui lis\u00e4ksi aktiivisesti paikalliseen yhdistystoimintaan esimerkiksi Lions Clubissa ja VPK:ssa. Antti G. Ojanen kuoli Haminassa 26.6.1988. Vuonna 2015 julkaistiin Kirsti Aholaisen kirjoittama el\u00e4m\u00e4kerta: <em>Antti G. Ojanen &#8211; Paljasjalkainen Haminan poika<\/em>.&nbsp;<\/p>\n\n\n\n<p>Jorma Paavilainen<\/p>\n\n\n\n<p><\/p>\n\n\n\n<p><\/p>\n\n\n\n<p><\/p>\n","protected":false},"excerpt":{"rendered":"<p>Teht\u00e4v\u00e4mestareita: Antti G. Ojanen Nelj\u00e4stoista kansallisen teht\u00e4v\u00e4mestarin arvon saanut suomalaislaatija oli Haminassa 1.9.1916 syntynyt Antti Gottfrid Ojanen. Ojanen sai kansallisen teht\u00e4v\u00e4mestarin arvon vuonna 1965 ja seuraavana vuonna kansainv\u00e4lisen teht\u00e4v\u00e4tuomarin arvon, p\u00e4tevyysalueena itsematit. Juuri itsemateistaan Ojanen tuli tunnetuksi, vaikka h\u00e4nen mukaansa nimetty Ojanen-teema onkin kaksisiirtoisteema: kahden siirron matissa valkea uhkaa v\u00e4hint\u00e4\u00e4n&#8230; <a class=\"continue-reading-link\" href=\"https:\/\/www.tehtavaniekat.fi\/index.php\/ratk70\/\">Jatka lukemista<\/a><\/p>\n","protected":false},"author":1,"featured_media":0,"parent":0,"menu_order":0,"comment_status":"closed","ping_status":"closed","template":"templates\/template-onecolumn.php","meta":{"footnotes":""},"class_list":["post-4178","page","type-page","status-publish","hentry"],"_links":{"self":[{"href":"https:\/\/www.tehtavaniekat.fi\/index.php\/wp-json\/wp\/v2\/pages\/4178","targetHints":{"allow":["GET"]}}],"collection":[{"href":"https:\/\/www.tehtavaniekat.fi\/index.php\/wp-json\/wp\/v2\/pages"}],"about":[{"href":"https:\/\/www.tehtavaniekat.fi\/index.php\/wp-json\/wp\/v2\/types\/page"}],"author":[{"embeddable":true,"href":"https:\/\/www.tehtavaniekat.fi\/index.php\/wp-json\/wp\/v2\/users\/1"}],"replies":[{"embeddable":true,"href":"https:\/\/www.tehtavaniekat.fi\/index.php\/wp-json\/wp\/v2\/comments?post=4178"}],"version-history":[{"count":5,"href":"https:\/\/www.tehtavaniekat.fi\/index.php\/wp-json\/wp\/v2\/pages\/4178\/revisions"}],"predecessor-version":[{"id":4190,"href":"https:\/\/www.tehtavaniekat.fi\/index.php\/wp-json\/wp\/v2\/pages\/4178\/revisions\/4190"}],"wp:attachment":[{"href":"https:\/\/www.tehtavaniekat.fi\/index.php\/wp-json\/wp\/v2\/media?parent=4178"}],"curies":[{"name":"wp","href":"https:\/\/api.w.org\/{rel}","templated":true}]}}