{"id":3528,"date":"2025-01-15T20:58:44","date_gmt":"2025-01-15T17:58:44","guid":{"rendered":"https:\/\/www.tehtavaniekat.fi\/?page_id=3528"},"modified":"2025-02-01T15:44:03","modified_gmt":"2025-02-01T12:44:03","slug":"isc-2025-kutsu","status":"publish","type":"page","link":"https:\/\/www.tehtavaniekat.fi\/index.php\/isc-2025-kutsu\/","title":{"rendered":"ISC 2025 kutsu"},"content":{"rendered":"\n<h2 class=\"wp-block-heading\">21. KANSAINV\u00c4LINEN RATKAISUKILPAILU 19.1.2025<\/h2>\n\n\n\n<p><\/p>\n\n\n\n<p>Sunnuntaina 19.1.2025 j\u00e4rjestet\u00e4\u00e4n ymp\u00e4ri maailmaa 21. kerran kansainv\u00e4linen shakkiteht\u00e4vien ratkaisukilpailu (International Solving Contest, ISC).<\/p>\n\n\n\n<p>Kilpailussa on kolme ryhm\u00e4\u00e4:<br>1) Kokeneet ratkaisijat. Kaksi kahden tunnin jaksoa, kummassakin kuusi teht\u00e4v\u00e4\u00e4 (2-, 3- ja monisiirtoinen mattiteht\u00e4v\u00e4, lopputeht\u00e4v\u00e4, apumatti ja itsematti). Tulokset vaikuttavat ratkaisijoiden vahvuuslukuihin.<br>2) Alle 2000 rating-pisteen olevat tai luokittelemattomat ratkaisijat. Kaksi kahden tunnin jaksoa, kummassakin kuusi teht\u00e4v\u00e4\u00e4. (Ensimm\u00e4isess\u00e4 jaksossa 2 x 2#, 3#, monisiirtoinen mattiteht\u00e4v\u00e4, lopputeht\u00e4v\u00e4 ja itsematti, toisessa jaksossa 2#, 2 x 3#, monisiirtoinen mattiteht\u00e4v\u00e4, lopputeht\u00e4v\u00e4 ja apumatti). Tulokset vaikuttavat ratkaisijoiden vahvuuslukuihin.<br>3) 31.12.2011 j\u00e4lkeen syntyneet. Ratkaisuaika on kaksi tuntia, ratkaistavana on kuusi teht\u00e4v\u00e4\u00e4: nelj\u00e4 kahden siirron mattia, yksi kolmen siirron matti ja yksi lopputeht\u00e4v\u00e4.<\/p>\n\n\n\n<p>Jaksojen v\u00e4liss\u00e4 on puolen tunnin tauko.<\/p>\n\n\n\n<p>Helsingiss\u00e4 ratkaistaan <strong>Shakkiareenalla (Hiomotie 10) 19.1.2025 klo 12.00 alkaen<\/strong>.<\/p>\n\n\n\n<p>Suomen osuuden johtajana toimii Neal Turner, jolta saa lis\u00e4tietoa (nealturnerfinland@hotmail.com).<\/p>\n\n\n\n<p>Kilpailuun ei tarvitse ilmoittautua ennakolta eik\u00e4 siin\u00e4 ole osanottomaksua.<\/p>\n","protected":false},"excerpt":{"rendered":"<p>21. KANSAINV\u00c4LINEN RATKAISUKILPAILU 19.1.2025 Sunnuntaina 19.1.2025 j\u00e4rjestet\u00e4\u00e4n ymp\u00e4ri maailmaa 21. kerran kansainv\u00e4linen shakkiteht\u00e4vien ratkaisukilpailu (International Solving Contest, ISC). Kilpailussa on kolme ryhm\u00e4\u00e4:1) Kokeneet ratkaisijat. Kaksi kahden tunnin jaksoa, kummassakin kuusi teht\u00e4v\u00e4\u00e4 (2-, 3- ja monisiirtoinen mattiteht\u00e4v\u00e4, lopputeht\u00e4v\u00e4, apumatti ja itsematti). Tulokset vaikuttavat ratkaisijoiden vahvuuslukuihin.2) Alle 2000 rating-pisteen olevat tai luokittelemattomat&#8230; <a class=\"continue-reading-link\" href=\"https:\/\/www.tehtavaniekat.fi\/index.php\/isc-2025-kutsu\/\">Jatka lukemista<\/a><\/p>\n","protected":false},"author":1,"featured_media":0,"parent":0,"menu_order":0,"comment_status":"closed","ping_status":"closed","template":"","meta":{"footnotes":""},"class_list":["post-3528","page","type-page","status-publish","hentry"],"_links":{"self":[{"href":"https:\/\/www.tehtavaniekat.fi\/index.php\/wp-json\/wp\/v2\/pages\/3528","targetHints":{"allow":["GET"]}}],"collection":[{"href":"https:\/\/www.tehtavaniekat.fi\/index.php\/wp-json\/wp\/v2\/pages"}],"about":[{"href":"https:\/\/www.tehtavaniekat.fi\/index.php\/wp-json\/wp\/v2\/types\/page"}],"author":[{"embeddable":true,"href":"https:\/\/www.tehtavaniekat.fi\/index.php\/wp-json\/wp\/v2\/users\/1"}],"replies":[{"embeddable":true,"href":"https:\/\/www.tehtavaniekat.fi\/index.php\/wp-json\/wp\/v2\/comments?post=3528"}],"version-history":[{"count":2,"href":"https:\/\/www.tehtavaniekat.fi\/index.php\/wp-json\/wp\/v2\/pages\/3528\/revisions"}],"predecessor-version":[{"id":3553,"href":"https:\/\/www.tehtavaniekat.fi\/index.php\/wp-json\/wp\/v2\/pages\/3528\/revisions\/3553"}],"wp:attachment":[{"href":"https:\/\/www.tehtavaniekat.fi\/index.php\/wp-json\/wp\/v2\/media?parent=3528"}],"curies":[{"name":"wp","href":"https:\/\/api.w.org\/{rel}","templated":true}]}}