{"id":2608,"date":"2023-01-08T00:16:37","date_gmt":"2023-01-07T21:16:37","guid":{"rendered":"https:\/\/www.tehtavaniekat.fi\/?page_id=2608"},"modified":"2023-01-08T00:16:37","modified_gmt":"2023-01-07T21:16:37","slug":"isc-2023","status":"publish","type":"page","link":"https:\/\/www.tehtavaniekat.fi\/index.php\/isc-2023\/","title":{"rendered":"ISC 2023"},"content":{"rendered":"\n<h2 class=\"wp-block-heading\">19. KANSAINV\u00c4LINEN RATKAISUKILPAILU 29.1.2023<\/h2>\n\n\n\n<p><\/p>\n\n\n\n<p>Sunnuntaina 29.1.2023 j\u00e4rjestet\u00e4\u00e4n ymp\u00e4ri maailmaa 19. kerran kansainv\u00e4linen shakkiteht\u00e4vien ratkaisukilpailu (International Solving Contest, ISC).<\/p>\n\n\n\n<p>Kilpailussa on kolme ryhm\u00e4\u00e4:<br>1) Kokeneet ratkaisijat. Kaksi kahden tunnin jaksoa, kummassakin kuusi teht\u00e4v\u00e4\u00e4 (2-, 3- ja monisiirtoinen mattiteht\u00e4v\u00e4, lopputeht\u00e4v\u00e4, apumatti ja itsematti). Tulokset vaikuttavat ratkaisijoiden vahvuuslukuihin.<br>2) Alle 2000 rating-pisteen olevat tai luokittelemattomat ratkaisijat. Kaksi kahden tunnin jaksoa, kummassakin kuusi teht\u00e4v\u00e4\u00e4. (Ensimm\u00e4isess\u00e4 jaksossa 2 x 2#, 3#, monisiirtoinen mattiteht\u00e4v\u00e4, lopputeht\u00e4v\u00e4 ja itsematti, toisessa jaksossa 2#, 2 x 3#, monisiirtoinen mattiteht\u00e4v\u00e4, lopputeht\u00e4v\u00e4 ja apumatti). Tulokset vaikuttavat ratkaisijoiden vahvuuslukuihin.<br>3) 31.12.2009 j\u00e4lkeen syntyneet. Ratkaisuaika on kaksi tuntia, ratkaistavana on matti- ja lopputeht\u00e4vi\u00e4.<\/p>\n\n\n\n<p>Jaksojen v\u00e4liss\u00e4 on puolen tunnin tauko.<\/p>\n\n\n\n<p>Helsingiss\u00e4 ratkaistaan <strong>Shakkiareenalla (Hiomotie 10) 29.1.2023 klo 12.00 alkaen<\/strong>.<\/p>\n\n\n\n<p>Suomen osuuden johtajana toimii Neal Turner, jolta saa lis\u00e4tietoa (nealturnerfinland@hotmail.com).<\/p>\n\n\n\n<p>Kilpailuun ei tarvitse ilmoittautua ennakolta eik\u00e4 siin\u00e4 ole osanottomaksua.<\/p>\n","protected":false},"excerpt":{"rendered":"<p>19. KANSAINV\u00c4LINEN RATKAISUKILPAILU 29.1.2023 Sunnuntaina 29.1.2023 j\u00e4rjestet\u00e4\u00e4n ymp\u00e4ri maailmaa 19. kerran kansainv\u00e4linen shakkiteht\u00e4vien ratkaisukilpailu (International Solving Contest, ISC). Kilpailussa on kolme ryhm\u00e4\u00e4:1) Kokeneet ratkaisijat. Kaksi kahden tunnin jaksoa, kummassakin kuusi teht\u00e4v\u00e4\u00e4 (2-, 3- ja monisiirtoinen mattiteht\u00e4v\u00e4, lopputeht\u00e4v\u00e4, apumatti ja itsematti). Tulokset vaikuttavat ratkaisijoiden vahvuuslukuihin.2) Alle 2000 rating-pisteen olevat tai luokittelemattomat&#8230; <a class=\"continue-reading-link\" href=\"https:\/\/www.tehtavaniekat.fi\/index.php\/isc-2023\/\">Jatka lukemista<\/a><\/p>\n","protected":false},"author":1,"featured_media":0,"parent":0,"menu_order":0,"comment_status":"closed","ping_status":"closed","template":"","meta":{"footnotes":""},"class_list":["post-2608","page","type-page","status-publish","hentry"],"_links":{"self":[{"href":"https:\/\/www.tehtavaniekat.fi\/index.php\/wp-json\/wp\/v2\/pages\/2608","targetHints":{"allow":["GET"]}}],"collection":[{"href":"https:\/\/www.tehtavaniekat.fi\/index.php\/wp-json\/wp\/v2\/pages"}],"about":[{"href":"https:\/\/www.tehtavaniekat.fi\/index.php\/wp-json\/wp\/v2\/types\/page"}],"author":[{"embeddable":true,"href":"https:\/\/www.tehtavaniekat.fi\/index.php\/wp-json\/wp\/v2\/users\/1"}],"replies":[{"embeddable":true,"href":"https:\/\/www.tehtavaniekat.fi\/index.php\/wp-json\/wp\/v2\/comments?post=2608"}],"version-history":[{"count":1,"href":"https:\/\/www.tehtavaniekat.fi\/index.php\/wp-json\/wp\/v2\/pages\/2608\/revisions"}],"predecessor-version":[{"id":2609,"href":"https:\/\/www.tehtavaniekat.fi\/index.php\/wp-json\/wp\/v2\/pages\/2608\/revisions\/2609"}],"wp:attachment":[{"href":"https:\/\/www.tehtavaniekat.fi\/index.php\/wp-json\/wp\/v2\/media?parent=2608"}],"curies":[{"name":"wp","href":"https:\/\/api.w.org\/{rel}","templated":true}]}}