{"id":2575,"date":"2022-12-30T20:38:54","date_gmt":"2022-12-30T17:38:54","guid":{"rendered":"https:\/\/www.tehtavaniekat.fi\/?page_id=2575"},"modified":"2022-12-30T20:50:36","modified_gmt":"2022-12-30T17:50:36","slug":"fide-albumi-1995-97","status":"publish","type":"page","link":"https:\/\/www.tehtavaniekat.fi\/index.php\/fide-albumi-1995-97\/","title":{"rendered":"FIDE-ALBUMI 1995-97"},"content":{"rendered":"\n<h1 class=\"wp-block-heading\"><strong>FIDE-ALBUMI 1995-97<\/strong><\/h1>\n\n\n\n<p><\/p>\n\n\n\n<p>Pitk\u00e4\u00e4n odotettu kokoelma vuosina 1995-97 julkaistuja valioteht\u00e4vi\u00e4 on ilmestynyt. Se sis\u00e4lt\u00e4\u00e4 1153 teht\u00e4v\u00e4\u00e4 335 laatijalta kahdeksassa ryhm\u00e4ss\u00e4:<\/p>\n\n\n\n<figure class=\"wp-block-table is-style-stripes\"><table><tbody><tr><td><strong>ryhm\u00e4<\/strong><\/td><td><\/td><td><strong>teht\u00e4vi\u00e4<\/strong><\/td><\/tr><tr><td>A<\/td><td>2-siirtoiset<\/td><td>184<\/td><\/tr><tr><td>B<\/td><td>3-siirtoiset<\/td><td>216<\/td><\/tr><tr><td>C<\/td><td>monisiirtoiset<\/td><td>112<\/td><\/tr><tr><td>D<\/td><td>lopputeht\u00e4v\u00e4t<\/td><td>87<\/td><\/tr><tr><td>E<\/td><td>apumatit<\/td><td>241<\/td><\/tr><tr><td>F<\/td><td>itsematit<\/td><td>88<\/td><\/tr><tr><td>G<\/td><td>satuteht\u00e4v\u00e4t<\/td><td>185<\/td><\/tr><tr><td>H<\/td><td>retroteht\u00e4v\u00e4t<\/td><td>40<\/td><\/tr><\/tbody><\/table><\/figure>\n\n\n\n<p>Suomalaisteht\u00e4vi\u00e4 on 27,5 kappaletta kahdeksalta laatijalta seuraavasti:<\/p>\n\n\n\n<p>Mikael Gr\u00f6nroos 1<br>Olli Heimo 2<br>Unto Heinonen 21<br>Harri Hurme 0,5<br>Teppo M\u00e4ntt\u00e4 0,5<br>Jorma Paavilainen 1,5<br>Henry Tanner 0,5<br>Kauko V\u00e4is\u00e4nen 0,5<\/p>\n\n\n\n<p>Heinosen yhteispistem\u00e4\u00e4r\u00e4 on t\u00e4m\u00e4n j\u00e4lkeen 76,5, joka merkitsee <a href=\"https:\/\/www.tehtavaniekat.fi\/index.php\/heinonen\/\">suurmestarin<\/a> arvoa!<\/p>\n\n\n\n<p>Kirjaa voi tilata ST:lt\u00e4 hintaan 37 euroa + mahdolliset postikulut.<\/p>\n","protected":false},"excerpt":{"rendered":"<p>FIDE-ALBUMI 1995-97 Pitk\u00e4\u00e4n odotettu kokoelma vuosina 1995-97 julkaistuja valioteht\u00e4vi\u00e4 on ilmestynyt. Se sis\u00e4lt\u00e4\u00e4 1153 teht\u00e4v\u00e4\u00e4 335 laatijalta kahdeksassa ryhm\u00e4ss\u00e4: ryhm\u00e4 teht\u00e4vi\u00e4 A 2-siirtoiset 184 B 3-siirtoiset 216 C monisiirtoiset 112 D lopputeht\u00e4v\u00e4t 87 E apumatit 241 F itsematit 88 G satuteht\u00e4v\u00e4t 185 H retroteht\u00e4v\u00e4t 40 Suomalaisteht\u00e4vi\u00e4 on 27,5 kappaletta kahdeksalta&#8230; <a class=\"continue-reading-link\" href=\"https:\/\/www.tehtavaniekat.fi\/index.php\/fide-albumi-1995-97\/\">Jatka lukemista<\/a><\/p>\n","protected":false},"author":1,"featured_media":0,"parent":0,"menu_order":0,"comment_status":"closed","ping_status":"closed","template":"","meta":{"footnotes":""},"class_list":["post-2575","page","type-page","status-publish","hentry"],"_links":{"self":[{"href":"https:\/\/www.tehtavaniekat.fi\/index.php\/wp-json\/wp\/v2\/pages\/2575","targetHints":{"allow":["GET"]}}],"collection":[{"href":"https:\/\/www.tehtavaniekat.fi\/index.php\/wp-json\/wp\/v2\/pages"}],"about":[{"href":"https:\/\/www.tehtavaniekat.fi\/index.php\/wp-json\/wp\/v2\/types\/page"}],"author":[{"embeddable":true,"href":"https:\/\/www.tehtavaniekat.fi\/index.php\/wp-json\/wp\/v2\/users\/1"}],"replies":[{"embeddable":true,"href":"https:\/\/www.tehtavaniekat.fi\/index.php\/wp-json\/wp\/v2\/comments?post=2575"}],"version-history":[{"count":3,"href":"https:\/\/www.tehtavaniekat.fi\/index.php\/wp-json\/wp\/v2\/pages\/2575\/revisions"}],"predecessor-version":[{"id":2586,"href":"https:\/\/www.tehtavaniekat.fi\/index.php\/wp-json\/wp\/v2\/pages\/2575\/revisions\/2586"}],"wp:attachment":[{"href":"https:\/\/www.tehtavaniekat.fi\/index.php\/wp-json\/wp\/v2\/media?parent=2575"}],"curies":[{"name":"wp","href":"https:\/\/api.w.org\/{rel}","templated":true}]}}