{"id":23,"date":"2021-09-27T19:35:15","date_gmt":"2021-09-27T19:35:15","guid":{"rendered":"https:\/\/www.tehtavaniekat.fi\/?page_id=23"},"modified":"2025-11-23T18:33:33","modified_gmt":"2025-11-23T16:33:33","slug":"kokoukset","status":"publish","type":"page","link":"https:\/\/www.tehtavaniekat.fi\/index.php\/kokoukset\/","title":{"rendered":"Suomen teht\u00e4v\u00e4niekkain kokoontumiset"},"content":{"rendered":"\n<h1 class=\"wp-block-heading\">Suomen teht\u00e4v\u00e4niekkain kokoontumiset<\/h1>\n\n\n\n<ul class=\"wp-block-list\">\n<li>Helsingiss\u00e4\n<ul class=\"wp-block-list\">\n<li>joka toinen keskiviikko klo 18.30-21.30<\/li>\n\n\n\n<li>Shakkiareena, Hiomotie 10, 00380 Helsinki, p. 050-3017425 (ovikoodi tarvitaan!)<\/li>\n\n\n\n<li>ovimaksu 2 \u20ac, kahvi 2 \u20ac<\/li>\n\n\n\n<li>tiedustelut: <a href=\"mailto:info@tehtavaniekat.fi\">Jorma Paavilainen<\/a> <\/li>\n<\/ul>\n<\/li>\n\n\n\n<li>Pirkanmaan shakkiteht\u00e4v\u00e4kerho Tampereella\n<ul class=\"wp-block-list\">\n<li>tiedustelut: Juha R\u00f6nnman, Ylioppilaankatu 9 C 18, 33720 Tampere, jronnman(at)gmail.com<\/li>\n<\/ul>\n<\/li>\n\n\n\n<li>Vaasassa\n<ul class=\"wp-block-list\">\n<li>tiedustelut: Seppo Praski, Varissel\u00e4nkatu 16 A 2, 65200 Vaasa <\/li>\n<\/ul>\n<\/li>\n<\/ul>\n\n\n<p><a href=\"https:\/\/www.tehtavaniekat.fi\/index.php\/vuosik26\/\"><strong>Vuosikokous 2026<\/strong><\/a> pidet\u00e4\u00e4n lauantaina 14.2. Helsingiss\u00e4 Shakkiareenalla.<\/p>\n<table style=\"height: 326px; width: 100%; border-collapse: collapse;\">\n<tbody>\n<tr style=\"height: 326px;\">\n<td style=\"width: 30%; height: 326px; vertical-align: top;\">\n<ul>\n<li><a href=\"https:\/\/www.tehtavaniekat.fi\/index.php\/vk25\/\">Vuosikokous 2025<\/a><\/li>\n<li><a href=\"https:\/\/www.tehtavaniekat.fi\/index.php\/vk24\/\">Vuosikokous 2024<\/a><\/li>\n<li><a href=\"https:\/\/www.tehtavaniekat.fi\/index.php\/vk23\/\">Vuosikokous 2023<\/a><\/li>\n<li><a href=\"https:\/\/www.tehtavaniekat.fi\/index.php\/vk22\/\">Vuosikokous 2022<\/a><\/li>\n<li><a href=\"https:\/\/www.tehtavaniekat.fi\/index.php\/vk21\/\">Vuosikokous 2021<\/a><\/li>\n<\/ul>\n<\/td>\n<td style=\"width: 30%; height: 326px;\">\n<ul>\n<li><a href=\"https:\/\/www.tehtavaniekat.fi\/index.php\/vk20\/\">Vuosikokous 2020<\/a><\/li>\n<li><a href=\"https:\/\/www.tehtavaniekat.fi\/index.php\/vk19\/\">Vuosikokous 2019<\/a><\/li>\n<li><a href=\"https:\/\/www.tehtavaniekat.fi\/index.php\/vk18\/\">Vuosikokous 2018<\/a><\/li>\n<li><a href=\"https:\/\/www.tehtavaniekat.fi\/index.php\/vk17\/\">Vuosikokous 2017<\/a><\/li>\n<li><a href=\"https:\/\/www.tehtavaniekat.fi\/index.php\/vk16\/\">Vuosikokous 2016<\/a><\/li>\n<li><a href=\"https:\/\/www.tehtavaniekat.fi\/index.php\/vk15\/\">Vuosikokous 2015<\/a><\/li>\n<li><a href=\"https:\/\/www.tehtavaniekat.fi\/index.php\/vk14\/\">Vuosikokous 2014<\/a><\/li>\n<li><a href=\"https:\/\/www.tehtavaniekat.fi\/index.php\/vk13\/\">Vuosikokous 2013<\/a><\/li>\n<li><a href=\"https:\/\/www.tehtavaniekat.fi\/index.php\/vk12\/\">Vuosikokous 2012<\/a><\/li>\n<li><a href=\"https:\/\/www.tehtavaniekat.fi\/index.php\/vk11\/\">Vuosikokous 2011<\/a><\/li>\n<\/ul>\n<\/td>\n<td style=\"width: 30%; height: 326px;\">\n<ul>\n<li>Vuosikokous 2010<\/li>\n<li>Vuosikokous 2009<\/li>\n<li>Vuosikokous 2008<\/li>\n<li>Vuosikokous 2007<\/li>\n<li>Vuosikokous 2006<\/li>\n<li>Vuosikokous 2005<\/li>\n<li>Vuosikokous 2004<\/li>\n<li>Vuosikokous 2003<\/li>\n<li>Vuosikokous 2002<\/li>\n<li>Vuosikokous 2001<\/li>\n<\/ul>\n<\/td>\n<\/tr>\n<\/tbody>\n<\/table>\n\n\n<p><a href=\"https:\/\/www.tehtavaniekat.fi\/index.php\/70juhla\/\">70-vuotisjuhla 14.5.2005<\/a><\/p>\n\n\n\n<p><a href=\"https:\/\/www.tehtavaniekat.fi\/index.php\/2025\/08\/17\/syyspaivat-2025\/\">Syysp\u00e4iv\u00e4kutsu 2025<\/a><\/p>\n\n\n\n<div class=\"wp-block-columns is-layout-flex wp-container-core-columns-is-layout-3 wp-block-columns-is-layout-flex\">\n<div class=\"wp-block-column is-layout-flow wp-block-column-is-layout-flow\" style=\"flex-basis:100%\">\n<div class=\"wp-block-columns is-layout-flex wp-container-core-columns-is-layout-1 wp-block-columns-is-layout-flex\">\n<div class=\"wp-block-column is-layout-flow wp-block-column-is-layout-flow\">\n<figure class=\"wp-block-image size-full\"><img fetchpriority=\"high\" decoding=\"async\" width=\"300\" height=\"170\" src=\"https:\/\/www.tehtavaniekat.fi\/wp-content\/uploads\/st2909041.jpg\" alt=\"\" class=\"wp-image-2019\" srcset=\"https:\/\/www.tehtavaniekat.fi\/wp-content\/uploads\/st2909041.jpg 300w, https:\/\/www.tehtavaniekat.fi\/wp-content\/uploads\/st2909041-150x85.jpg 150w\" sizes=\"(max-width: 300px) 100vw, 300px\" \/><figcaption class=\"wp-element-caption\">Teht\u00e4v\u00e4ilta 29.9.2004 Helsingiss\u00e4.<br>Edess\u00e4 vasemmalta Unto Heinonen, Jorma Paavilainen, Hannu Harkola, Harri Hurme. Takana vasemmalta Timo Aitta, Henry Tanner, Kari Karhunen, Jukka Tuovinen, Neal Turner.<\/figcaption><\/figure>\n<\/div>\n\n\n\n<div class=\"wp-block-column is-layout-flow wp-block-column-is-layout-flow\">\n<figure class=\"wp-block-image size-full\"><img decoding=\"async\" width=\"292\" height=\"170\" src=\"https:\/\/www.tehtavaniekat.fi\/wp-content\/uploads\/st0704101.jpg\" alt=\"\" class=\"wp-image-2021\" srcset=\"https:\/\/www.tehtavaniekat.fi\/wp-content\/uploads\/st0704101.jpg 292w, https:\/\/www.tehtavaniekat.fi\/wp-content\/uploads\/st0704101-150x87.jpg 150w\" sizes=\"(max-width: 292px) 100vw, 292px\" \/><figcaption class=\"wp-element-caption\">Teht\u00e4v\u00e4ilta 7.4.2010 Helsingiss\u00e4.<br>Edess\u00e4 vasemmalta Terho Marlo, Henry Tanner, Kari Karhunen, Harri Hurme ja Jorma Paavilainen. Takana vasemmalta Jukka Tuovinen, Olli Heimo, Ali Suokas, Janne Syv\u00e4niemi, Arto Heimonen ja Hannu Harkola<\/figcaption><\/figure>\n<\/div>\n\n\n\n<div class=\"wp-block-column is-layout-flow wp-block-column-is-layout-flow\">\n<figure class=\"wp-block-image size-full\"><img decoding=\"async\" width=\"286\" height=\"170\" src=\"https:\/\/www.tehtavaniekat.fi\/wp-content\/uploads\/IMG_0982d1.jpg\" alt=\"\" class=\"wp-image-2022\" srcset=\"https:\/\/www.tehtavaniekat.fi\/wp-content\/uploads\/IMG_0982d1.jpg 286w, https:\/\/www.tehtavaniekat.fi\/wp-content\/uploads\/IMG_0982d1-150x89.jpg 150w\" sizes=\"(max-width: 286px) 100vw, 286px\" \/><figcaption class=\"wp-element-caption\">Teht\u00e4v\u00e4ilta 1.10.2014 Helsingiss\u00e4.<br>Edess\u00e4 vasemmalta Hannu Harkola, Harri Hurme, Eero Saarenheimo ja Olli Heimo. Takana vasemmalta Kenneth Solja, Valo Hallman, Unto Heinonen, Raimo Sailas, Janne Syv\u00e4niemi, Henry Tanner, Neal Turner ja Ari M\u00f6tt\u00f6nen.<\/figcaption><\/figure>\n<\/div>\n<\/div>\n\n\n\n<div class=\"wp-block-columns is-layout-flex wp-container-core-columns-is-layout-2 wp-block-columns-is-layout-flex\">\n<div class=\"wp-block-column is-vertically-aligned-top is-layout-flow wp-block-column-is-layout-flow\">\n<figure class=\"wp-block-image size-full is-resized\"><img loading=\"lazy\" decoding=\"async\" width=\"400\" height=\"215\" src=\"https:\/\/www.tehtavaniekat.fi\/wp-content\/uploads\/IMG_2315c1.jpg\" alt=\"\" class=\"wp-image-2023\" style=\"width:402px;height:auto\" srcset=\"https:\/\/www.tehtavaniekat.fi\/wp-content\/uploads\/IMG_2315c1.jpg 400w, https:\/\/www.tehtavaniekat.fi\/wp-content\/uploads\/IMG_2315c1-300x161.jpg 300w, https:\/\/www.tehtavaniekat.fi\/wp-content\/uploads\/IMG_2315c1-150x81.jpg 150w\" sizes=\"(max-width: 400px) 100vw, 400px\" \/><figcaption class=\"wp-element-caption\">Syysp\u00e4iv\u00e4t Kokem\u00e4ell\u00e4 14.-15.10.2017<br>Istumassa vasemmalta Mikael Gr\u00f6nroos, Neal Turner, Jorma Paavilainen, Janne Syv\u00e4niemi, Jukka Tuovinen, Hannu Harkola, Henry Tanner, Harri Hurme, Olli Heimo ja Terho Marlo. Seisomassa Antti Parkkinen ja Kari Karhunen<br>.<\/figcaption><\/figure>\n<\/div>\n\n\n\n<div class=\"wp-block-column is-vertically-aligned-top is-layout-flow wp-block-column-is-layout-flow\">\n<figure class=\"wp-block-image size-full\"><img loading=\"lazy\" decoding=\"async\" width=\"797\" height=\"364\" src=\"https:\/\/www.tehtavaniekat.fi\/wp-content\/uploads\/st_20250813.jpg\" alt=\"\" class=\"wp-image-3800\" srcset=\"https:\/\/www.tehtavaniekat.fi\/wp-content\/uploads\/st_20250813.jpg 797w, https:\/\/www.tehtavaniekat.fi\/wp-content\/uploads\/st_20250813-300x137.jpg 300w, https:\/\/www.tehtavaniekat.fi\/wp-content\/uploads\/st_20250813-768x351.jpg 768w, https:\/\/www.tehtavaniekat.fi\/wp-content\/uploads\/st_20250813-766x350.jpg 766w, https:\/\/www.tehtavaniekat.fi\/wp-content\/uploads\/st_20250813-150x69.jpg 150w\" sizes=\"(max-width: 797px) 100vw, 797px\" \/><figcaption class=\"wp-element-caption\"><br>Teht\u00e4v\u00e4ilta 13.8.2025 Helsingiss\u00e4<br>Vasemmalta Marko Ylijoki, Joose Norri, Paavo Tikka, Antti Parkkinen, Henry Tanner, Janne Syv\u00e4niemi, Neal Turner, Jorma Paavilainen, Ilpo Mahrberg ja Lauri Kosunen (kuva Hannu Harkola)<\/figcaption><\/figure>\n<\/div>\n<\/div>\n<\/div>\n<\/div>\n\n\n\n<p>&nbsp;<\/p>\n","protected":false},"excerpt":{"rendered":"<p>Suomen teht\u00e4v\u00e4niekkain kokoontumiset Vuosikokous 2026 pidet\u00e4\u00e4n lauantaina 14.2. Helsingiss\u00e4 Shakkiareenalla. Vuosikokous 2025 Vuosikokous 2024 Vuosikokous 2023 Vuosikokous 2022 Vuosikokous 2021 Vuosikokous 2020 Vuosikokous 2019 Vuosikokous 2018 Vuosikokous 2017 Vuosikokous 2016 Vuosikokous 2015 Vuosikokous 2014 Vuosikokous 2013 Vuosikokous 2012 Vuosikokous 2011 Vuosikokous 2010 Vuosikokous 2009 Vuosikokous 2008 Vuosikokous 2007 Vuosikokous 2006&#8230; <a class=\"continue-reading-link\" href=\"https:\/\/www.tehtavaniekat.fi\/index.php\/kokoukset\/\">Jatka lukemista<\/a><\/p>\n","protected":false},"author":1,"featured_media":0,"parent":0,"menu_order":0,"comment_status":"closed","ping_status":"closed","template":"","meta":{"footnotes":""},"class_list":["post-23","page","type-page","status-publish","hentry"],"_links":{"self":[{"href":"https:\/\/www.tehtavaniekat.fi\/index.php\/wp-json\/wp\/v2\/pages\/23","targetHints":{"allow":["GET"]}}],"collection":[{"href":"https:\/\/www.tehtavaniekat.fi\/index.php\/wp-json\/wp\/v2\/pages"}],"about":[{"href":"https:\/\/www.tehtavaniekat.fi\/index.php\/wp-json\/wp\/v2\/types\/page"}],"author":[{"embeddable":true,"href":"https:\/\/www.tehtavaniekat.fi\/index.php\/wp-json\/wp\/v2\/users\/1"}],"replies":[{"embeddable":true,"href":"https:\/\/www.tehtavaniekat.fi\/index.php\/wp-json\/wp\/v2\/comments?post=23"}],"version-history":[{"count":48,"href":"https:\/\/www.tehtavaniekat.fi\/index.php\/wp-json\/wp\/v2\/pages\/23\/revisions"}],"predecessor-version":[{"id":3891,"href":"https:\/\/www.tehtavaniekat.fi\/index.php\/wp-json\/wp\/v2\/pages\/23\/revisions\/3891"}],"wp:attachment":[{"href":"https:\/\/www.tehtavaniekat.fi\/index.php\/wp-json\/wp\/v2\/media?parent=23"}],"curies":[{"name":"wp","href":"https:\/\/api.w.org\/{rel}","templated":true}]}}