{"id":1808,"date":"2022-11-06T19:43:22","date_gmt":"2022-11-06T16:43:22","guid":{"rendered":"https:\/\/www.tehtavaniekat.fi\/?page_id=1808"},"modified":"2022-12-16T15:04:50","modified_gmt":"2022-12-16T12:04:50","slug":"pikara01","status":"publish","type":"page","link":"https:\/\/www.tehtavaniekat.fi\/index.php\/pikara01\/","title":{"rendered":"Pikaratkaisemisen SM 2001"},"content":{"rendered":"\n<h1 class=\"wp-block-heading\">PIKARATKAISEMISEN 22. SUOMEN MESTARUUSKILPAILU<\/h1>\n\n\n\n<div class=\"wp-block-columns is-layout-flex wp-container-core-columns-is-layout-1 wp-block-columns-is-layout-flex\">\n<div class=\"wp-block-column is-layout-flow wp-block-column-is-layout-flow\">\n<p>Kilpailu k\u00e4ytiin lauantaina 24.2.01 Shakkikodissa Helsingiss\u00e4. Tuomarina ja teht\u00e4vien valitsijana toimi <strong>Neal Turner<\/strong> apunaan <strong>Kenneth Solja<\/strong>. Ratkaisuaika oli kolme tuntia ja maksimipistem\u00e4\u00e4r\u00e4 60.<\/p>\n<\/div>\n\n\n\n<div class=\"wp-block-column is-layout-flow wp-block-column-is-layout-flow\">\n<div class=\"wp-block-image\"><figure class=\"aligncenter size-full\"><img decoding=\"async\" width=\"200\" height=\"244\" src=\"https:\/\/www.tehtavaniekat.fi\/wp-content\/uploads\/paavi011.jpg\" alt=\"\" class=\"wp-image-1957\" srcset=\"https:\/\/www.tehtavaniekat.fi\/wp-content\/uploads\/paavi011.jpg 200w, https:\/\/www.tehtavaniekat.fi\/wp-content\/uploads\/paavi011-123x150.jpg 123w\" sizes=\"(max-width: 200px) 100vw, 200px\" \/><figcaption>Suomen mestari 2001&nbsp;<br><strong>Jorma Paavilainen<\/strong><\/figcaption><\/figure><\/div>\n<\/div>\n\n\n\n<div class=\"wp-block-column is-layout-flow wp-block-column-is-layout-flow\">\n<div class=\"wp-block-image\"><figure class=\"aligncenter size-full\"><img decoding=\"async\" width=\"200\" height=\"150\" src=\"https:\/\/www.tehtavaniekat.fi\/wp-content\/uploads\/ratk11.jpg\" alt=\"\" class=\"wp-image-1956\" srcset=\"https:\/\/www.tehtavaniekat.fi\/wp-content\/uploads\/ratk11.jpg 200w, https:\/\/www.tehtavaniekat.fi\/wp-content\/uploads\/ratk11-150x113.jpg 150w\" sizes=\"(max-width: 200px) 100vw, 200px\" \/><figcaption><strong>Unto Heinonen<\/strong> ja <strong>Kari Karhunen<\/strong><\/figcaption><\/figure><\/div>\n<\/div>\n<\/div>\n\n\n\n<table style=\"width: 80%; height: 615px;\">\n<tbody>\n<tr style=\"height: 28px;\" align=\"RIGHT\" valign=\"BOTTOM\" bgcolor=\"#FFFFCC\">\n<td style=\"width: 5.80357%; height: 28px; text-align: center;\" align=\"CENTER\"><b><span style=\"font-family: Arial,Helvetica;\">sija<\/span><\/b><\/td>\n<td style=\"width: 27.2321%; height: 28px;\" align=\"LEFT\"><b><span style=\"font-family: Arial,Helvetica;\">nimi<\/span><\/b><\/td>\n<td style=\"width: 6.10119%; height: 28px;\" align=\"RIGHT\"><span style=\"font-family: Arial,Helvetica;\"><strong>yht.<\/strong> <br \/><\/span><\/td>\n<td style=\"width: 5.80357%; height: 28px;\" align=\"RIGHT\"><span style=\"font-family: Arial,Helvetica;\"><strong>aika<\/strong> <br \/><\/span><\/td>\n<\/tr>\n<tr style=\"height: 28px;\" valign=\"BOTTOM\">\n<td style=\"width: 5.80357%; height: 27px; text-align: center;\" align=\"RIGHT\"><span style=\"font-family: Arial,Helvetica;\">1<\/span><\/td>\n<td style=\"width: 27.2321%; height: 27px;\" align=\"LEFT\"><span style=\"font-family: Arial,Helvetica;\">Jorma Paavilainen<\/span><\/td>\n<td style=\"width: 6.10119%; height: 27px;\" align=\"RIGHT\"><span style=\"font-family: Arial,Helvetica;\">57,6<\/span><\/td>\n<td style=\"width: 5.80357%; height: 27px;\" align=\"RIGHT\"><span style=\"font-family: Arial,Helvetica;\">180<\/span><\/td>\n<\/tr>\n<tr style=\"height: 28px;\" valign=\"BOTTOM\">\n<td style=\"width: 5.80357%; height: 28px; text-align: center;\" align=\"RIGHT\"><span style=\"font-family: Arial,Helvetica;\">2<\/span><\/td>\n<td style=\"width: 27.2321%; height: 28px;\" align=\"LEFT\"><span style=\"font-family: Arial,Helvetica;\">Henry Tanner<\/span><\/td>\n<td style=\"width: 6.10119%; height: 28px;\" align=\"RIGHT\" width=\"40\"><span style=\"font-family: Arial,Helvetica;\">45,8<\/span><\/td>\n<td style=\"width: 5.80357%; height: 28px;\" align=\"RIGHT\"><span style=\"font-family: Arial,Helvetica;\">180<\/span><\/td>\n<\/tr>\n<tr style=\"height: 28px;\" valign=\"BOTTOM\">\n<td style=\"width: 5.80357%; height: 28px; text-align: center;\" align=\"RIGHT\"><span style=\"font-family: Arial,Helvetica;\">3<\/span><\/td>\n<td style=\"width: 27.2321%; height: 28px;\" align=\"LEFT\"><span style=\"font-family: Arial,Helvetica;\">Kari Valtonen<\/span><\/td>\n<td style=\"width: 6.10119%; height: 28px;\" align=\"RIGHT\"><span style=\"font-family: Arial,Helvetica;\">43,7<\/span><\/td>\n<td style=\"width: 5.80357%; height: 28px;\" align=\"RIGHT\"><span style=\"font-family: Arial,Helvetica;\">179<\/span><\/td>\n<\/tr>\n<tr style=\"height: 28px;\" valign=\"BOTTOM\">\n<td style=\"width: 5.80357%; height: 28px; text-align: center;\" align=\"RIGHT\"><span style=\"font-family: Arial,Helvetica;\">4<\/span><\/td>\n<td style=\"width: 27.2321%; height: 28px;\" align=\"LEFT\"><span style=\"font-family: Arial,Helvetica;\">Terho Jaatinen<\/span><\/td>\n<td style=\"width: 6.10119%; height: 28px;\" align=\"RIGHT\"><span style=\"font-family: Arial,Helvetica;\">41,0<\/span><\/td>\n<td style=\"width: 5.80357%; height: 28px;\" align=\"RIGHT\"><span style=\"font-family: Arial,Helvetica;\">178<\/span><\/td>\n<\/tr>\n<tr style=\"height: 28px;\" valign=\"BOTTOM\">\n<td style=\"width: 5.80357%; height: 28px; text-align: center;\" align=\"RIGHT\"><span style=\"font-family: Arial,Helvetica;\">5<\/span><\/td>\n<td style=\"width: 27.2321%; height: 28px;\" align=\"LEFT\"><span style=\"font-family: Arial,Helvetica;\">Harri Hurme<\/span><\/td>\n<td style=\"width: 6.10119%; height: 28px;\" align=\"RIGHT\"><span style=\"font-family: Arial,Helvetica;\">36,5<\/span><\/td>\n<td style=\"width: 5.80357%; height: 28px;\" align=\"RIGHT\"><span style=\"font-family: Arial,Helvetica;\">180<\/span><\/td>\n<\/tr>\n<tr style=\"height: 28px;\" valign=\"BOTTOM\">\n<td style=\"width: 5.80357%; height: 28px; text-align: center;\" align=\"RIGHT\"><span style=\"font-family: Arial,Helvetica;\">6<\/span><\/td>\n<td style=\"width: 27.2321%; height: 28px;\" align=\"LEFT\"><span style=\"font-family: Arial,Helvetica;\">Kari Karhunen<\/span><\/td>\n<td style=\"width: 6.10119%; height: 28px;\" align=\"RIGHT\"><span style=\"font-family: Arial,Helvetica;\">36,0<\/span><\/td>\n<td style=\"width: 5.80357%; height: 28px;\" align=\"RIGHT\"><span style=\"font-family: Arial,Helvetica;\">180<\/span><\/td>\n<\/tr>\n<tr style=\"height: 28px;\" valign=\"BOTTOM\">\n<td style=\"width: 5.80357%; height: 28px; text-align: center;\" align=\"RIGHT\"><span style=\"font-family: Arial,Helvetica;\">7<\/span><\/td>\n<td style=\"width: 27.2321%; height: 28px;\" align=\"LEFT\"><span style=\"font-family: Arial,Helvetica;\">Hannu Harkola<\/span><\/td>\n<td style=\"width: 6.10119%; height: 28px;\" align=\"RIGHT\"><span style=\"font-family: Arial,Helvetica;\">32,8<\/span><\/td>\n<td style=\"width: 5.80357%; height: 28px;\" align=\"RIGHT\"><span style=\"font-family: Arial,Helvetica;\">180<\/span><\/td>\n<\/tr>\n<tr style=\"height: 28px;\" valign=\"BOTTOM\">\n<td style=\"width: 5.80357%; height: 28px; text-align: center;\" align=\"RIGHT\"><span style=\"font-family: Arial,Helvetica;\">8<\/span><\/td>\n<td style=\"width: 27.2321%; height: 28px;\" align=\"LEFT\"><span style=\"font-family: Arial,Helvetica;\">Olli Heimo<\/span><\/td>\n<td style=\"width: 6.10119%; height: 28px;\" align=\"RIGHT\"><span style=\"font-family: Arial,Helvetica;\">26,2<\/span><\/td>\n<td style=\"width: 5.80357%; height: 28px;\" align=\"RIGHT\"><span style=\"font-family: Arial,Helvetica;\">172<\/span><\/td>\n<\/tr>\n<tr style=\"height: 28px;\" valign=\"BOTTOM\">\n<td style=\"width: 5.80357%; height: 28px; text-align: center;\" align=\"RIGHT\"><span style=\"font-family: Arial,Helvetica;\">9<\/span><\/td>\n<td style=\"width: 27.2321%; height: 28px;\" align=\"LEFT\"><span style=\"font-family: Arial,Helvetica;\">Joose Norri<\/span><\/td>\n<td style=\"width: 6.10119%; height: 28px;\" align=\"RIGHT\"><span style=\"font-family: Arial,Helvetica;\">26,0<\/span><\/td>\n<td style=\"width: 5.80357%; height: 28px;\" align=\"RIGHT\"><span style=\"font-family: Arial,Helvetica;\">150<\/span><\/td>\n<\/tr>\n<tr style=\"height: 28px;\" valign=\"BOTTOM\">\n<td style=\"width: 5.80357%; height: 28px; text-align: center;\" align=\"RIGHT\"><span style=\"font-family: Arial,Helvetica;\">10<\/span><\/td>\n<td style=\"width: 27.2321%; height: 28px;\" align=\"LEFT\"><span style=\"font-family: Arial,Helvetica;\">Jukka Tuovinen<\/span><\/td>\n<td style=\"width: 6.10119%; height: 28px;\" align=\"RIGHT\"><span style=\"font-family: Arial,Helvetica;\">22,8<\/span><\/td>\n<td style=\"width: 5.80357%; height: 28px;\" align=\"RIGHT\"><span style=\"font-family: Arial,Helvetica;\">178<\/span><\/td>\n<\/tr>\n<tr style=\"height: 28px;\" valign=\"BOTTOM\">\n<td style=\"width: 5.80357%; height: 28px; text-align: center;\" align=\"RIGHT\"><span style=\"font-family: Arial,Helvetica;\">11<\/span><\/td>\n<td style=\"width: 27.2321%; height: 28px;\" align=\"LEFT\"><span style=\"font-family: Arial,Helvetica;\">Janne Syv\u00e4niemi<\/span><\/td>\n<td style=\"width: 6.10119%; height: 28px;\" align=\"RIGHT\"><span style=\"font-family: Arial,Helvetica;\">22,5<\/span><\/td>\n<td style=\"width: 5.80357%; height: 28px;\" align=\"RIGHT\"><span style=\"font-family: Arial,Helvetica;\">180<\/span><\/td>\n<\/tr>\n<tr style=\"height: 28px;\" valign=\"BOTTOM\">\n<td style=\"width: 5.80357%; height: 28px; text-align: center;\" align=\"RIGHT\"><span style=\"font-family: Arial,Helvetica;\">12<\/span><\/td>\n<td style=\"width: 27.2321%; height: 28px;\" align=\"LEFT\"><span style=\"font-family: Arial,Helvetica;\">Harri Hyt\u00f6nen<\/span><\/td>\n<td style=\"width: 6.10119%; height: 28px;\" align=\"RIGHT\"><span style=\"font-family: Arial,Helvetica;\">19,5<\/span><\/td>\n<td style=\"width: 5.80357%; height: 28px;\" align=\"RIGHT\"><span style=\"font-family: Arial,Helvetica;\">179<\/span><\/td>\n<\/tr>\n<tr style=\"height: 28px;\" valign=\"BOTTOM\">\n<td style=\"width: 5.80357%; height: 28px; text-align: center;\" align=\"RIGHT\"><span style=\"font-family: Arial,Helvetica;\">13<\/span><\/td>\n<td style=\"width: 27.2321%; height: 28px;\" align=\"LEFT\"><span style=\"font-family: Arial,Helvetica;\">Unto Heinonen<\/span><\/td>\n<td style=\"width: 6.10119%; height: 28px;\" align=\"RIGHT\"><span style=\"font-family: Arial,Helvetica;\">18,5<\/span><\/td>\n<td style=\"width: 5.80357%; height: 28px;\" align=\"RIGHT\"><span style=\"font-family: Arial,Helvetica;\">172<\/span><\/td>\n<\/tr>\n<tr style=\"height: 28px;\" valign=\"BOTTOM\">\n<td style=\"width: 5.80357%; height: 28px; text-align: center;\" align=\"RIGHT\"><span style=\"font-family: Arial,Helvetica;\">14<\/span><\/td>\n<td style=\"width: 27.2321%; height: 28px;\" align=\"LEFT\"><span style=\"font-family: Arial,Helvetica;\">Petteri Paronen<\/span><\/td>\n<td style=\"width: 6.10119%; height: 28px;\" align=\"RIGHT\"><span style=\"font-family: Arial,Helvetica;\">16,9<\/span><\/td>\n<td style=\"width: 5.80357%; height: 28px;\" align=\"RIGHT\"><span style=\"font-family: Arial,Helvetica;\">178<\/span><\/td>\n<\/tr>\n<tr style=\"height: 28px;\" valign=\"BOTTOM\">\n<td style=\"width: 5.80357%; height: 28px; text-align: center;\" align=\"RIGHT\"><span style=\"font-family: Arial,Helvetica;\">15<\/span><\/td>\n<td style=\"width: 27.2321%; height: 28px;\" align=\"LEFT\"><span style=\"font-family: Arial,Helvetica;\">Kauko Virtanen<\/span><\/td>\n<td style=\"width: 6.10119%; height: 28px;\" align=\"RIGHT\"><span style=\"font-family: Arial,Helvetica;\">14,0<\/span><\/td>\n<td style=\"width: 5.80357%; height: 28px;\" align=\"RIGHT\"><span style=\"font-family: Arial,Helvetica;\">179<\/span><\/td>\n<\/tr>\n<tr style=\"height: 28px;\" align=\"RIGHT\">\n<td style=\"width: 5.80357%; height: 28px; text-align: center;\"><span style=\"font-family: Arial,Helvetica;\">16<\/span><\/td>\n<td style=\"width: 27.2321%; height: 28px;\" align=\"LEFT\"><span style=\"font-family: Arial,Helvetica;\">Teemu Pudas<\/span><\/td>\n<td style=\"width: 6.10119%; height: 28px;\"><span style=\"font-family: Arial,Helvetica;\">7,5<\/span><\/td>\n<td style=\"width: 5.80357%; height: 28px;\"><span style=\"font-family: Arial,Helvetica;\">180<\/span><\/td>\n<\/tr>\n<tr style=\"height: 28px;\" align=\"RIGHT\">\n<td style=\"width: 5.80357%; height: 28px; text-align: center;\"><span style=\"font-family: Arial,Helvetica;\">17<\/span><\/td>\n<td style=\"width: 27.2321%; height: 28px;\" align=\"LEFT\"><span style=\"font-family: Arial,Helvetica;\">Antti Porkamaa<\/span><\/td>\n<td style=\"width: 6.10119%; height: 28px;\"><span style=\"font-family: Arial,Helvetica;\">6,0<\/span><\/td>\n<td style=\"width: 5.80357%; height: 28px;\"><span style=\"font-family: Arial,Helvetica;\">180<\/span><\/td>\n<\/tr>\n<tr style=\"height: 28px;\" align=\"RIGHT\">\n<td style=\"width: 5.80357%; height: 28px; text-align: center;\"><span style=\"font-family: Arial,Helvetica;\">18<\/span><\/td>\n<td style=\"width: 27.2321%; height: 28px;\" align=\"LEFT\"><span style=\"font-family: Arial,Helvetica;\">Jaakko Kortesharju<\/span><\/td>\n<td style=\"width: 6.10119%; height: 28px;\"><span style=\"font-family: Arial,Helvetica;\">5,0<\/span><\/td>\n<td style=\"width: 5.80357%; height: 28px;\"><span style=\"font-family: Arial,Helvetica;\">180<\/span><\/td>\n<\/tr>\n<tr style=\"height: 28px;\" align=\"RIGHT\">\n<td style=\"width: 5.80357%; height: 28px; text-align: center;\"><span style=\"font-family: Arial,Helvetica;\">19<\/span><\/td>\n<td style=\"width: 27.2321%; height: 28px;\" align=\"LEFT\"><span style=\"font-family: Arial,Helvetica;\">Aapo\u00a0 Ahola<\/span><\/td>\n<td style=\"width: 6.10119%; height: 28px;\"><span style=\"font-family: Arial,Helvetica;\">2,0<\/span><\/td>\n<td style=\"width: 5.80357%; height: 28px;\"><span style=\"font-family: Arial,Helvetica;\">180<\/span><\/td>\n<\/tr>\n<tr style=\"height: 28px;\" align=\"RIGHT\">\n<td style=\"width: 5.80357%; height: 28px; text-align: center;\"><span style=\"font-family: Arial,Helvetica;\">20<\/span><\/td>\n<td style=\"width: 27.2321%; height: 28px;\" align=\"LEFT\"><span style=\"font-family: Arial,Helvetica;\">Timo Pesonen<\/span><\/td>\n<td style=\"width: 6.10119%; height: 28px;\"><span style=\"font-family: Arial,Helvetica;\">1,0<\/span><\/td>\n<td style=\"width: 5.80357%; height: 28px;\"><span style=\"font-family: Arial,Helvetica;\">179<\/span><\/td>\n<\/tr>\n<tr style=\"height: 28px;\" align=\"RIGHT\">\n<td style=\"width: 5.80357%; height: 28px; text-align: center;\"><span style=\"font-family: Arial,Helvetica;\">21<\/span><\/td>\n<td style=\"width: 27.2321%; height: 28px;\" align=\"LEFT\"><span style=\"font-family: Arial,Helvetica;\">Harri Pesonen<\/span><\/td>\n<td style=\"width: 6.10119%; height: 28px;\"><span style=\"font-family: Arial,Helvetica;\">1,0<\/span><\/td>\n<td style=\"width: 5.80357%; height: 28px;\"><span style=\"font-family: Arial,Helvetica;\">180<\/span><\/td>\n<\/tr>\n<\/tbody>\n<\/table>\n\n\n\n<p><a rel=\"noreferrer noopener\" href=\"https:\/\/www.tehtavaniekat.fi\/wp-content\/uploads\/sm2001.pdf\" target=\"_blank\">Tulostaulukko<\/a> | <a href=\"https:\/\/www.tehtavaniekat.fi\/index.php\/pika01t\/\">Teht\u00e4v\u00e4t<\/a><\/p>\n","protected":false},"excerpt":{"rendered":"<p>PIKARATKAISEMISEN 22. SUOMEN MESTARUUSKILPAILU Kilpailu k\u00e4ytiin lauantaina 24.2.01 Shakkikodissa Helsingiss\u00e4. Tuomarina ja teht\u00e4vien valitsijana toimi Neal Turner apunaan Kenneth Solja. Ratkaisuaika oli kolme tuntia ja maksimipistem\u00e4\u00e4r\u00e4 60. sija nimi yht. aika 1 Jorma Paavilainen 57,6 180 2 Henry Tanner 45,8 180 3 Kari Valtonen 43,7 179 4 Terho Jaatinen 41,0&#8230; <a class=\"continue-reading-link\" href=\"https:\/\/www.tehtavaniekat.fi\/index.php\/pikara01\/\">Jatka lukemista<\/a><\/p>\n","protected":false},"author":1,"featured_media":0,"parent":0,"menu_order":0,"comment_status":"closed","ping_status":"closed","template":"","meta":{"footnotes":""},"class_list":["post-1808","page","type-page","status-publish","hentry"],"_links":{"self":[{"href":"https:\/\/www.tehtavaniekat.fi\/index.php\/wp-json\/wp\/v2\/pages\/1808","targetHints":{"allow":["GET"]}}],"collection":[{"href":"https:\/\/www.tehtavaniekat.fi\/index.php\/wp-json\/wp\/v2\/pages"}],"about":[{"href":"https:\/\/www.tehtavaniekat.fi\/index.php\/wp-json\/wp\/v2\/types\/page"}],"author":[{"embeddable":true,"href":"https:\/\/www.tehtavaniekat.fi\/index.php\/wp-json\/wp\/v2\/users\/1"}],"replies":[{"embeddable":true,"href":"https:\/\/www.tehtavaniekat.fi\/index.php\/wp-json\/wp\/v2\/comments?post=1808"}],"version-history":[{"count":9,"href":"https:\/\/www.tehtavaniekat.fi\/index.php\/wp-json\/wp\/v2\/pages\/1808\/revisions"}],"predecessor-version":[{"id":2169,"href":"https:\/\/www.tehtavaniekat.fi\/index.php\/wp-json\/wp\/v2\/pages\/1808\/revisions\/2169"}],"wp:attachment":[{"href":"https:\/\/www.tehtavaniekat.fi\/index.php\/wp-json\/wp\/v2\/media?parent=1808"}],"curies":[{"name":"wp","href":"https:\/\/api.w.org\/{rel}","templated":true}]}}