{"id":1692,"date":"2022-09-28T17:59:00","date_gmt":"2022-09-28T14:59:00","guid":{"rendered":"https:\/\/www.tehtavaniekat.fi\/?page_id=1692"},"modified":"2022-12-14T17:43:59","modified_gmt":"2022-12-14T14:43:59","slug":"em-ratkaisukilpailu-2005","status":"publish","type":"page","link":"https:\/\/www.tehtavaniekat.fi\/index.php\/em-ratkaisukilpailu-2005\/","title":{"rendered":"EM-ratkaisukilpailu 2005"},"content":{"rendered":"\n<h2 class=\"wp-block-heading\">SUOMI JA PERKONOJA EUROOPAN MESTAREITA <\/h2>\n\n\n\n<p>Legnicassa, Puolassa 18.-19.6.05 pidetyss\u00e4 ensimm\u00e4isess\u00e4 ratkaisemisen Euroopan mestaruuskilpailussa oli 15 maata ja Puolan kakkosjoukkue eli 16 joukkuetta. Ratkaisijoita oli kaikkiaan 75. Kilpailu k\u00e4ytiin MM-kilpailun tapaan, mutta 4-henkisten joukkueiden kilpailussa kullakin kierroksella otettiin huomioon kolmen parhaan ratkaisijan tulos. Suomen joukkueessa ratkaisivat Pauli Perkonoja, Jorma Paavilainen, Harri Hurme ja Henry Tanner. Terho Marlo (ent. Jaatinen) ratkoi yksitt\u00e4isratkaisijana.<\/p>\n\n\n\n<table style=\"border-collapse: collapse; width: 100%;\">\n<tbody>\n<tr>\n<td style=\"width: 37.1429%; text-align: left; vertical-align: top;\">\n<p><strong>JOUKKUEKILPAILU<\/strong><br \/>1. <strong>Suomi<\/strong> 216 (maksimi 270)<br \/>2. Iso-Britannia 213,5<br \/>3. Serbia-Montenegro 201<br \/>4. Puola 191<br \/>5. Saksa 172,5<br \/>6. Romania 169,0<br \/>7. Slovakia 163,0<br \/>8. Alankomaat 160,5<br \/>9. Ukraina 153,0<br \/>10. Valko-Ven\u00e4j\u00e4 139,0<br \/>11. Liettua 122,5<br \/>12. Ven\u00e4j\u00e4 117,0<br \/>13. Belgia 116,0<br \/>14. Kroatia 106,5<br \/>15. Tsekin tasavalta 103,0<br \/>16. Puola 2 100,0<\/p>\n<\/td>\n<td style=\"width: 62.8571%; text-align: left; vertical-align: top;\">\n<p style=\"text-align: center;\"><img fetchpriority=\"high\" decoding=\"async\" class=\"alignnone  wp-image-1962\" src=\"https:\/\/www.tehtavaniekat.fi\/wp-content\/uploads\/ecsc-fin2-300x139.jpg\" alt=\"\" width=\"442\" height=\"205\" srcset=\"https:\/\/www.tehtavaniekat.fi\/wp-content\/uploads\/ecsc-fin2-300x139.jpg 300w, https:\/\/www.tehtavaniekat.fi\/wp-content\/uploads\/ecsc-fin2-150x69.jpg 150w, https:\/\/www.tehtavaniekat.fi\/wp-content\/uploads\/ecsc-fin2.jpg 354w\" sizes=\"(max-width: 442px) 100vw, 442px\" \/><br \/><span style=\"font-size: 10pt;\">Suomen joukkue: Hurme, Perkonoja, Paavilainen, Tanner<br \/><\/span><span style=\"font-size: 10pt;\">(kuva: \u00a9 Wojtek Obremski)<\/span><\/p>\n<\/td>\n<\/tr>\n<\/tbody>\n<\/table>\n<p><strong>HENKIL\u00d6KOHTAINEN KILPAILU<\/strong> <br \/>1. <strong>Pauli Perkonoja<\/strong>, FIN 86 \/301 (maksimi 90 pist.\/360 min)<br \/>2. Piotr Murdzia, POL 84\/301<br \/>3. Marjan Kovacevic, SCG 80,5\/345<br \/>4. John Nunn, GBR 78\/291<br \/>5. <strong>Jorma Paavilainen<\/strong>, FIN 72\/322<br \/>6. Jonathan Mestel, GBR 71\/310<br \/>6. Michel Caillaud, FRA 71\/310<br \/>8. Boris Tummes, GER 69\/325<br \/>9. Eddy Van Beers, BEL 65\/344<br \/>10. Eric Huber, ROM 64\/344<br \/>11. Roland Baier, SUI 63,5\/302<br \/>12. Marko Klasinc, SLO 62\/359<br \/>13. Dolf Wissmann, NED 61\/332<br \/>14. Michael Pfannkuche, GER 61\/338<br \/>14. Valery Kopyl, UKR 61\/338<br \/>16. Bojan Vuckovic, SCG 60\/356<br \/>17. Graham Lee, GBR 59,5\/321<br \/>18. Vladimir Podinic, SCG 58,5\/333<br \/>19. Bogusz Piliczewski, POL 56,5\/345<br \/>20. <strong>Harri Hurme<\/strong>, FIN 56\/352<br \/>21. Marek Kolcak, SVK 55\/359<br \/>22. Hans Uitenbroek, NED 53\/335<br \/>23. Alexander Bulavka, BLR 52,5\/352<br \/>24. Juraj L\u00f6rinc, SVK 51\/338<br \/>25. Andrey Selivanov , RUS 50,5\/325<br \/>26. <strong>Terho Marlo<\/strong>, FIN 50,5\/339<br \/>27. Zbigniew Szczep, POL 47,5\/360<br \/>28. Dinu-Ioan Nicula, ROM 47\/360<br \/>29. Vidmantas Satkus, LIT 46,5\/342<br \/>30. Johan de Boer, NED 46,5\/359<br \/>30. Viktor Zaycev, BLR 46,5\/359<br \/>32. Vlaicu Crisan, ROM 46\/311<br \/>33. Lubomir Siran, SVK 45,5\/358<br \/>34. Jacek Stopa, POL 44,5\/359<br \/>35. Vasyl Markovtsiy, UKR 43,5\/357<br \/>36. Danko Gazarek, CRO 43\/360<br \/>37. <strong>Henry Tanner<\/strong>, FIN 42\/360<br \/>38. Andrej Petrov, RUS 40,5\/360<br \/>39. Alexej Solovchyk , UKR 39,5\/351<br \/>40. Marcin Banaszek, GER 39,5\/360<br \/>40. Ryszard Kr\u00f3likowski, POL2 39,5\/360<br \/>42. Frantisek Sabol, CZE 38\/351<br \/>43. Klemen Sivic, SLO 38\/358<br \/>44. Milan Svrcek, SVK 38\/360<br \/>45. Viktoras Paliulionis, LIT 36,5\/360<br \/>46. Vilimantas Satkus, LIT 34,5\/360<br \/>47. Thomas Walther, GER 33,5\/360<br \/>48. Aleksander Mikholap, BLR 33\/339<br \/>49. Zoran Sibinovic, SCG 33\/360<br \/>50. Igor Spiric, SCG 32,5\/356<br \/>51. Miroslav Henrych, CZE 32,5\/360<br \/>51. Zdenek Libis, CZE 32,5\/360<br \/>53. Adam Eckersley-Waites, GBR 32\/360<br \/>53. Colin McNab, GBR 32\/360<br \/>55. Borislav Gadjanski, SCG 31,5\/360<br \/>56. Ivan Bender, CRO 30\/360<br \/>57. Wilfried Neef, GER 29,5\/360<br \/>58. Andy Ooms, BEL 29\/360<br \/>59. Nikola Predrag, CRO 28,5\/346<br \/>60. Piotr G\u00f3rski, POL2 27,5\/360<br \/>61. Michal Wysocki, POL2 27\/359<br \/>62. Roman Evstigneev, UKR 27\/360<br \/>63. Matei Uta, ROM 26,5\/360<br \/>63. Viktor Volchek, BLR 26,5\/360<br \/>65. Stasys Steponavicius, LIT 26\/360<br \/>65. Yury Malyshkin, RUS 26\/360<br \/>67. Mikolai Sihnevich, BLR 24\/360<br \/>67. Paul Cumbers, GBR 24\/360<br \/>69. Krzysztof Gluszko, POL2 23\/360<br \/>70. Marcel Van Herck, BEL 22\/360<br \/>71. Kresimir Starcevic, CRO 19\/360<br \/>72. Piotr Nguyen, POL2 15\/358<br \/>73. Andrey Kalinin, LAT 10,5\/360<br \/>74. Stefan Kysela, SVK 6\/360<br \/>83. Ales Mickholap, BLR 0\/360<\/p>\n","protected":false},"excerpt":{"rendered":"<p>SUOMI JA PERKONOJA EUROOPAN MESTAREITA Legnicassa, Puolassa 18.-19.6.05 pidetyss\u00e4 ensimm\u00e4isess\u00e4 ratkaisemisen Euroopan mestaruuskilpailussa oli 15 maata ja Puolan kakkosjoukkue eli 16 joukkuetta. Ratkaisijoita oli kaikkiaan 75. Kilpailu k\u00e4ytiin MM-kilpailun tapaan, mutta 4-henkisten joukkueiden kilpailussa kullakin kierroksella otettiin huomioon kolmen parhaan ratkaisijan tulos. Suomen joukkueessa ratkaisivat Pauli Perkonoja, Jorma Paavilainen, Harri&#8230; <a class=\"continue-reading-link\" href=\"https:\/\/www.tehtavaniekat.fi\/index.php\/em-ratkaisukilpailu-2005\/\">Jatka lukemista<\/a><\/p>\n","protected":false},"author":1,"featured_media":0,"parent":0,"menu_order":0,"comment_status":"closed","ping_status":"closed","template":"","meta":{"footnotes":""},"class_list":["post-1692","page","type-page","status-publish","hentry"],"_links":{"self":[{"href":"https:\/\/www.tehtavaniekat.fi\/index.php\/wp-json\/wp\/v2\/pages\/1692","targetHints":{"allow":["GET"]}}],"collection":[{"href":"https:\/\/www.tehtavaniekat.fi\/index.php\/wp-json\/wp\/v2\/pages"}],"about":[{"href":"https:\/\/www.tehtavaniekat.fi\/index.php\/wp-json\/wp\/v2\/types\/page"}],"author":[{"embeddable":true,"href":"https:\/\/www.tehtavaniekat.fi\/index.php\/wp-json\/wp\/v2\/users\/1"}],"replies":[{"embeddable":true,"href":"https:\/\/www.tehtavaniekat.fi\/index.php\/wp-json\/wp\/v2\/comments?post=1692"}],"version-history":[{"count":3,"href":"https:\/\/www.tehtavaniekat.fi\/index.php\/wp-json\/wp\/v2\/pages\/1692\/revisions"}],"predecessor-version":[{"id":1963,"href":"https:\/\/www.tehtavaniekat.fi\/index.php\/wp-json\/wp\/v2\/pages\/1692\/revisions\/1963"}],"wp:attachment":[{"href":"https:\/\/www.tehtavaniekat.fi\/index.php\/wp-json\/wp\/v2\/media?parent=1692"}],"curies":[{"name":"wp","href":"https:\/\/api.w.org\/{rel}","templated":true}]}}