{"id":1099,"date":"2021-11-24T23:03:32","date_gmt":"2021-11-24T20:03:32","guid":{"rendered":"https:\/\/www.tehtavaniekat.fi\/?page_id=1099"},"modified":"2021-11-25T00:40:45","modified_gmt":"2021-11-24T21:40:45","slug":"vk20","status":"publish","type":"page","link":"https:\/\/www.tehtavaniekat.fi\/index.php\/vk20\/","title":{"rendered":"Vuosikokous 2020"},"content":{"rendered":"\n<h2 class=\"wp-block-heading\">SUOMEN TEHT\u00c4V\u00c4NIEKKAIN VUOSIKOKOUS 2020<\/h2>\n\n\n\n<p>pidettiin lauantaina 15.2. klo 17.00 Shakkiareenalla Helsingiss\u00e4. T\u00e4rkeimpi\u00e4 p\u00e4\u00e4t\u00f6ksi\u00e4:<\/p>\n\n\n\n<ul class=\"wp-block-list\"><li>Vahvistettiin vuoden 2019 tilinp\u00e4\u00e4t\u00f6s, joka osoitti ylij\u00e4\u00e4m\u00e4\u00e4 258,67 euroa.<\/li><li>Johtokunnalle my\u00f6nnettiin vastuuvapaus vuodelta 2019<\/li><li>Johtokuntaan vuodeksi 2020 valittiin:<ul><li>puheenjohtaja Jorma Paavilainen<\/li><li>varapuheenjohtaja Mikael Gr\u00f6nroos<\/li><li>sihteeri Kari Karhunen<\/li><li>taloudenhoitaja Hannu Harkola<br><\/li><li>kirjastonhoitaja Neal Turner<\/li><li>varaj\u00e4senet Terho Marlo ja Janne Syv\u00e4niemi<\/li><\/ul><\/li><li>Toiminnantarkastajiksi valittiin Raimo Sailas ja Ari M\u00f6tt\u00f6nen, varalle Teemu Miettinen<\/li><li>Muut valinnat:<ul><li>matrikkelinhoitajat Henry Tanner ja Marko Tauriainen,<\/li><li>teht\u00e4v\u00e4shakillinen toimikunta Unto Heinonen, Pauli Perkonoja, Henry Tanner ja Kari Valtonen,<\/li><li>edustaja Suomen Shakkiliitossa Jorma Paavilainen,<\/li><li>RELO-toimikunta lakkautettiin,<\/li><\/ul><\/li><li>J\u00e4senmaksu p\u00e4\u00e4tettiin pit\u00e4\u00e4 ennallaan 25 eurona.<\/li><li>Hyv\u00e4ksyttiin johtokunnan valmistelema toimintasuunnitelma ja talousarvio vuodelle 2020. <em>Teht\u00e4v\u00e4niekka<\/em>-lehte\u00e4 julkaistaan my\u00f6s vuonna 2020 nelj\u00e4 numeroa.<\/li><\/ul>\n\n\n\n<ul class=\"wp-block-list\"><li><a href=\"https:\/\/www.tehtavaniekat.fi\/index.php\/kunniakiertopalkinto\/\" target=\"_blank\" rel=\"noreferrer noopener\">Kunniakiertopalkinnon<\/a> jakaminen p\u00e4\u00e4tettiin lopettaa.<\/li><li><a href=\"https:\/\/www.tehtavaniekat.fi\/index.php\/valve-2\/\" data-type=\"URL\" target=\"_blank\" rel=\"noreferrer noopener\">Leo Valven kiertopalkinto<\/a> my\u00f6nnettiin Unto Heinoselle.<\/li><\/ul>\n\n\n\n<p><\/p>\n","protected":false},"excerpt":{"rendered":"<p>SUOMEN TEHT\u00c4V\u00c4NIEKKAIN VUOSIKOKOUS 2020 pidettiin lauantaina 15.2. klo 17.00 Shakkiareenalla Helsingiss\u00e4. T\u00e4rkeimpi\u00e4 p\u00e4\u00e4t\u00f6ksi\u00e4: Vahvistettiin vuoden 2019 tilinp\u00e4\u00e4t\u00f6s, joka osoitti ylij\u00e4\u00e4m\u00e4\u00e4 258,67 euroa. Johtokunnalle my\u00f6nnettiin vastuuvapaus vuodelta 2019 Johtokuntaan vuodeksi 2020 valittiin: puheenjohtaja Jorma Paavilainen varapuheenjohtaja Mikael Gr\u00f6nroos sihteeri Kari Karhunen taloudenhoitaja Hannu Harkola kirjastonhoitaja Neal Turner varaj\u00e4senet Terho Marlo ja&#8230; <a class=\"continue-reading-link\" href=\"https:\/\/www.tehtavaniekat.fi\/index.php\/vk20\/\">Jatka lukemista<\/a><\/p>\n","protected":false},"author":1,"featured_media":0,"parent":0,"menu_order":0,"comment_status":"closed","ping_status":"closed","template":"","meta":{"footnotes":""},"class_list":["post-1099","page","type-page","status-publish","hentry"],"_links":{"self":[{"href":"https:\/\/www.tehtavaniekat.fi\/index.php\/wp-json\/wp\/v2\/pages\/1099","targetHints":{"allow":["GET"]}}],"collection":[{"href":"https:\/\/www.tehtavaniekat.fi\/index.php\/wp-json\/wp\/v2\/pages"}],"about":[{"href":"https:\/\/www.tehtavaniekat.fi\/index.php\/wp-json\/wp\/v2\/types\/page"}],"author":[{"embeddable":true,"href":"https:\/\/www.tehtavaniekat.fi\/index.php\/wp-json\/wp\/v2\/users\/1"}],"replies":[{"embeddable":true,"href":"https:\/\/www.tehtavaniekat.fi\/index.php\/wp-json\/wp\/v2\/comments?post=1099"}],"version-history":[{"count":5,"href":"https:\/\/www.tehtavaniekat.fi\/index.php\/wp-json\/wp\/v2\/pages\/1099\/revisions"}],"predecessor-version":[{"id":1124,"href":"https:\/\/www.tehtavaniekat.fi\/index.php\/wp-json\/wp\/v2\/pages\/1099\/revisions\/1124"}],"wp:attachment":[{"href":"https:\/\/www.tehtavaniekat.fi\/index.php\/wp-json\/wp\/v2\/media?parent=1099"}],"curies":[{"name":"wp","href":"https:\/\/api.w.org\/{rel}","templated":true}]}}